{"id":1395,"date":"2015-09-03T15:51:51","date_gmt":"2015-09-03T15:51:51","guid":{"rendered":"http:\/\/www.appoloss.fr\/site\/?page_id=1395"},"modified":"2018-11-17T10:42:21","modified_gmt":"2018-11-17T10:42:21","slug":"electro-messenger-show-2","status":"publish","type":"page","link":"https:\/\/www.appoloss.fr\/site\/electro-messenger-show-2\/","title":{"rendered":"SOGNIN"},"content":{"rendered":"<h2 style=\"text-align: center;\">CARMEN RIZZO ET APPOLOSS<\/h2>\n<p><a class=\"grouped_elements\" title=\"Projets\" href=\"http:\/\/www.appoloss.fr\/site\/wp-content\/uploads\/DSCN3549.jpg\" rel=\"shadowbox[sbpost-20];player=img;\"><img loading=\"lazy\" class=\"size-full wp-image-689\" src=\"http:\/\/www.appoloss.fr\/site\/wp-content\/uploads\/DSCN3549.jpg\" alt=\"Titre : SOGNIN\" width=\"3072\" height=\"2304\" srcset=\"https:\/\/www.appoloss.fr\/site\/wp-content\/uploads\/DSCN3549.jpg 3072w, https:\/\/www.appoloss.fr\/site\/wp-content\/uploads\/DSCN3549-600x450.jpg 600w, https:\/\/www.appoloss.fr\/site\/wp-content\/uploads\/DSCN3549-300x225.jpg 300w, https:\/\/www.appoloss.fr\/site\/wp-content\/uploads\/DSCN3549-1024x768.jpg 1024w\" sizes=\"(max-width: 3072px) 100vw, 3072px\" \/><\/a><\/p>\n<!--[if lt IE 9]><script>document.createElement('audio');<\/script><![endif]-->\n<audio class=\"wp-audio-shortcode\" id=\"audio-1395-1\" preload=\"none\" style=\"width: 100%;\" controls=\"controls\"><source type=\"audio\/mpeg\" src=\"http:\/\/www.appoloss.fr\/site\/wp-content\/uploads\/08-SOGNIN-WORLD.mp3?_=1\" \/><a href=\"http:\/\/www.appoloss.fr\/site\/wp-content\/uploads\/08-SOGNIN-WORLD.mp3\">http:\/\/www.appoloss.fr\/site\/wp-content\/uploads\/08-SOGNIN-WORLD.mp3<\/a><\/audio>\n<p>Le laxisme, le mutisme et la passivit\u00e9 des Africains noirs, envers leurs responsables politiques est pass\u00e9 au scanner dans cette chanson.\u00a0L&rsquo;Afrique vit dans l&rsquo;exc\u00e8s total de corruptions et d&rsquo;abus d&rsquo;autorit\u00e9. Piller le peuple est devenu un \u00e9tat normal : fonctionnaires, policiers, religieux, politiciens&#8230;, deviennent des super riches en un temps record pendant que la pauvret\u00e9 fait des ravages dans les familles.\u00a0La complicit\u00e9 na\u00efve des populations \u00e0 cet enrichissement illicite fait beaucoup de mal \u00e0 plusieurs g\u00e9n\u00e9rations depuis les ind\u00e9pendances.<\/p>\n<p>Chant\u00e9 en langue Malink\u00e9 &#8211; nord de la C\u00f4te d&rsquo;Ivoire, j&rsquo;introduis volontairement \u00e0 petite dose la langue B\u00e9t\u00e9 &#8211; centre ouest du pays, pour interpeller les consciences : sur le <b>VIVRE ENSEMBLE<\/b><\/p>\n<p>Pour rappel : l&rsquo;affrontement de ces deux peuples a fait des milliers de morts avant et apr\u00e8s les \u00e9lections en C\u00f4te d&rsquo;ivoire. Cette crise avait donn\u00e9 deux pr\u00e9sidents pour un pays, pendant plusieurs mois. (L&rsquo;HISTOIRE F\u00dbT AINSI)<br \/>\n<\/p>\n","protected":false},"excerpt":{"rendered":"<p>CARMEN RIZZO ET APPOLOSS Le laxisme, le mutisme et la passivit\u00e9 des Africains noirs, envers leurs responsables politiques est pass\u00e9 au scanner dans cette chanson.\u00a0L&rsquo;Afrique vit dans l&rsquo;exc\u00e8s total de corruptions et d&rsquo;abus d&rsquo;autorit\u00e9. Piller le peuple est devenu un&#8230;<\/p>\n","protected":false},"author":1,"featured_media":0,"parent":0,"menu_order":0,"comment_status":"closed","ping_status":"closed","template":"","meta":[],"_links":{"self":[{"href":"https:\/\/www.appoloss.fr\/site\/wp-json\/wp\/v2\/pages\/1395"}],"collection":[{"href":"https:\/\/www.appoloss.fr\/site\/wp-json\/wp\/v2\/pages"}],"about":[{"href":"https:\/\/www.appoloss.fr\/site\/wp-json\/wp\/v2\/types\/page"}],"author":[{"embeddable":true,"href":"https:\/\/www.appoloss.fr\/site\/wp-json\/wp\/v2\/users\/1"}],"replies":[{"embeddable":true,"href":"https:\/\/www.appoloss.fr\/site\/wp-json\/wp\/v2\/comments?post=1395"}],"version-history":[{"count":9,"href":"https:\/\/www.appoloss.fr\/site\/wp-json\/wp\/v2\/pages\/1395\/revisions"}],"predecessor-version":[{"id":2441,"href":"https:\/\/www.appoloss.fr\/site\/wp-json\/wp\/v2\/pages\/1395\/revisions\/2441"}],"wp:attachment":[{"href":"https:\/\/www.appoloss.fr\/site\/wp-json\/wp\/v2\/media?parent=1395"}],"curies":[{"name":"wp","href":"https:\/\/api.w.org\/{rel}","templated":true}]}}