{"id":934,"date":"2014-04-18T15:04:41","date_gmt":"2014-04-18T15:04:41","guid":{"rendered":"http:\/\/www.appoloss.fr\/site\/?page_id=934"},"modified":"2015-09-24T15:59:27","modified_gmt":"2015-09-24T15:59:27","slug":"concerts","status":"publish","type":"page","link":"https:\/\/www.appoloss.fr\/site\/videos\/concerts\/","title":{"rendered":"CONCERTS"},"content":{"rendered":"<h3>Concert ELECTION KAMIKAZE<\/h3>\n<p><iframe src=\"\/\/www.youtube.com\/embed\/HxtCoYATX0w\" height=\"315\" width=\"420\" allowfullscreen=\"\" frameborder=\"0\"><\/iframe><\/p>\n<p>&nbsp;<\/p>\n<p>Ce site respecte le droit d&rsquo;auteur. Tous les droits des auteurs des oeuvres prot\u00e9g\u00e9es reproduites et communiqu\u00e9es sur ce site sont r\u00e9serv\u00e9s. Sauf autorisation, toute utilisation des oeuvres autre que la reproduction et la consultation individuelles et priv\u00e9es sont interdites<br \/>\n<\/p>\n","protected":false},"excerpt":{"rendered":"<p>Concert ELECTION KAMIKAZE &nbsp; Ce site respecte le droit d&rsquo;auteur. Tous les droits des auteurs des oeuvres prot\u00e9g\u00e9es reproduites et communiqu\u00e9es sur ce site sont r\u00e9serv\u00e9s. Sauf autorisation, toute utilisation des oeuvres autre que la reproduction et la consultation individuelles&#8230;<\/p>\n","protected":false},"author":1,"featured_media":0,"parent":48,"menu_order":5,"comment_status":"closed","ping_status":"closed","template":"","meta":[],"_links":{"self":[{"href":"https:\/\/www.appoloss.fr\/site\/wp-json\/wp\/v2\/pages\/934"}],"collection":[{"href":"https:\/\/www.appoloss.fr\/site\/wp-json\/wp\/v2\/pages"}],"about":[{"href":"https:\/\/www.appoloss.fr\/site\/wp-json\/wp\/v2\/types\/page"}],"author":[{"embeddable":true,"href":"https:\/\/www.appoloss.fr\/site\/wp-json\/wp\/v2\/users\/1"}],"replies":[{"embeddable":true,"href":"https:\/\/www.appoloss.fr\/site\/wp-json\/wp\/v2\/comments?post=934"}],"version-history":[{"count":4,"href":"https:\/\/www.appoloss.fr\/site\/wp-json\/wp\/v2\/pages\/934\/revisions"}],"predecessor-version":[{"id":1573,"href":"https:\/\/www.appoloss.fr\/site\/wp-json\/wp\/v2\/pages\/934\/revisions\/1573"}],"up":[{"embeddable":true,"href":"https:\/\/www.appoloss.fr\/site\/wp-json\/wp\/v2\/pages\/48"}],"wp:attachment":[{"href":"https:\/\/www.appoloss.fr\/site\/wp-json\/wp\/v2\/media?parent=934"}],"curies":[{"name":"wp","href":"https:\/\/api.w.org\/{rel}","templated":true}]}}