{"id":952,"date":"2014-04-18T15:40:05","date_gmt":"2014-04-18T15:40:05","guid":{"rendered":"http:\/\/www.appoloss.fr\/site\/?page_id=952"},"modified":"2018-11-19T11:57:52","modified_gmt":"2018-11-19T11:57:52","slug":"les-concerts","status":"publish","type":"page","link":"https:\/\/www.appoloss.fr\/site\/dates-de-concert\/les-concerts\/","title":{"rendered":"LES CONCERTS"},"content":{"rendered":"<h3 style=\"text-align: center;\"><a href=\"http:\/\/www.appoloss.fr\/site\/wp-content\/uploads\/c-020406-37.jpg\"><img loading=\"lazy\" class=\"alignleft size-full wp-image-1085\" src=\"http:\/\/www.appoloss.fr\/site\/wp-content\/uploads\/c-020406-37.jpg\" alt=\"\" width=\"389\" height=\"600\" srcset=\"https:\/\/www.appoloss.fr\/site\/wp-content\/uploads\/c-020406-37.jpg 389w, https:\/\/www.appoloss.fr\/site\/wp-content\/uploads\/c-020406-37-194x300.jpg 194w\" sizes=\"(max-width: 389px) 100vw, 389px\" \/><\/a><\/h3>\n<h3 class=\"p1\"><\/h3>\n<h3 class=\"p1\"><\/h3>\n<h1 class=\"p1\"><span style=\"color: #ff9900;\">APPOLOSS &#8211;<\/span><span style=\"color: #ff9900;\">LIVE BAND\u00a0<\/span><\/h1>\n<h3 class=\"p1\"><span style=\"color: #ff9900;\">TOUR 2019 &#8211; 2020<\/span><\/h3>\n<p>Communiqu\u00e9 tr\u00e8s prochainement<\/p>\n<h3 class=\"p1\"><span style=\"color: #ff9900;\"><b>Ils nous ont re\u00e7u &#8230;<\/b><\/span><\/h3>\n<p class=\"p2\">La Bourse du Travail (69), Festival \u00e0 Fleur de Peaux, Carmaux (81), Le Rail Th\u00e9\u00e2tre (69), Festival Les Dimanches de l\u2019Ile Barbe (69), Le Ninkasi Kao (69), Festival 6\u00e8me continent (69), 25 ans Maison de la Danse (69), Ville de Grenoble (38), Le Transbordeur (69), Ville d\u2019Echirolles (38), Forum international de la Villette (75), La Bodeguita, Saint Etienne (42), Auditorium de Lyon, Nuit de l\u2019Afrique (69), La salle des Rancy (69), Allemagne (Karslruhe, Regensburg, Francfurt, H\u00e4usern), Luxembourg (Foetz), Espagne (Rozas), Los Angeles (Venice Beach)<\/p>\n<p>&nbsp;<\/p>\n<p><a href=\"http:\/\/www.appoloss.fr\/site\/wp-content\/uploads\/IMAGE-LIVE.jpg\"><img loading=\"lazy\" class=\"alignleft size-large wp-image-1789\" src=\"http:\/\/www.appoloss.fr\/site\/wp-content\/uploads\/IMAGE-LIVE-1024x666.jpg\" alt=\"\" width=\"1024\" height=\"666\" srcset=\"https:\/\/www.appoloss.fr\/site\/wp-content\/uploads\/IMAGE-LIVE-1024x666.jpg 1024w, https:\/\/www.appoloss.fr\/site\/wp-content\/uploads\/IMAGE-LIVE-600x390.jpg 600w, https:\/\/www.appoloss.fr\/site\/wp-content\/uploads\/IMAGE-LIVE-300x195.jpg 300w, https:\/\/www.appoloss.fr\/site\/wp-content\/uploads\/IMAGE-LIVE-768x500.jpg 768w, https:\/\/www.appoloss.fr\/site\/wp-content\/uploads\/IMAGE-LIVE.jpg 1660w\" sizes=\"(max-width: 1024px) 100vw, 1024px\" \/><\/a><br \/>\n<\/p>\n","protected":false},"excerpt":{"rendered":"<p>APPOLOSS &#8211;LIVE BAND\u00a0 TOUR 2019 &#8211; 2020 Communiqu\u00e9 tr\u00e8s prochainement Ils nous ont re\u00e7u &#8230; La Bourse du Travail (69), Festival \u00e0 Fleur de Peaux, Carmaux (81), Le Rail Th\u00e9\u00e2tre (69), Festival Les Dimanches de l\u2019Ile Barbe (69), Le Ninkasi&#8230;<\/p>\n","protected":false},"author":1,"featured_media":0,"parent":112,"menu_order":1,"comment_status":"closed","ping_status":"closed","template":"","meta":[],"_links":{"self":[{"href":"https:\/\/www.appoloss.fr\/site\/wp-json\/wp\/v2\/pages\/952"}],"collection":[{"href":"https:\/\/www.appoloss.fr\/site\/wp-json\/wp\/v2\/pages"}],"about":[{"href":"https:\/\/www.appoloss.fr\/site\/wp-json\/wp\/v2\/types\/page"}],"author":[{"embeddable":true,"href":"https:\/\/www.appoloss.fr\/site\/wp-json\/wp\/v2\/users\/1"}],"replies":[{"embeddable":true,"href":"https:\/\/www.appoloss.fr\/site\/wp-json\/wp\/v2\/comments?post=952"}],"version-history":[{"count":24,"href":"https:\/\/www.appoloss.fr\/site\/wp-json\/wp\/v2\/pages\/952\/revisions"}],"predecessor-version":[{"id":2457,"href":"https:\/\/www.appoloss.fr\/site\/wp-json\/wp\/v2\/pages\/952\/revisions\/2457"}],"up":[{"embeddable":true,"href":"https:\/\/www.appoloss.fr\/site\/wp-json\/wp\/v2\/pages\/112"}],"wp:attachment":[{"href":"https:\/\/www.appoloss.fr\/site\/wp-json\/wp\/v2\/media?parent=952"}],"curies":[{"name":"wp","href":"https:\/\/api.w.org\/{rel}","templated":true}]}}